late m(j).
3
Let p(l) = l + 8. Let h = -13 - -4. Determine p(h).
-1
Suppose 4*x = -4*n - 16, -4*x + 29 = n - 6*n. Let r(c) = 16*c**3 - 2*c**2 + 1. What is r(x)?
15
Suppose -h - 53 = -2*h. Suppose 13 = -4*o + h. Let u(j) = -j**3 + 11*j**2 - 11*j + 11. Let r be u(o). Let x(m) = -m - 1. Give x(r).
-2
Let j(h) be the second derivative of -h**4/12 - 7*h**3/6 - h**2/2 + 20*h. Give j(-6).
5
Let r(p) = p - 1. Let n = 20 + -11. Let d = 7 - n. What is r(d)?
-3
Let v(s) be the first derivative of -2*s**3/3 + s**2 - s - 30. Calculate v(2).
-5
Let a = 3/38 - -5/57. Let u(f) be the third derivative of 1/3*f**3 + a*f**4 - f**2 + 0*f + 0 + 1/60*f**5. What is u(-5)?
7
Let v(w) = w + 22 - 46 - w**3 - 5*w**2 + 18. Determine v(-5).
-11
Let u(s) = -3*s - 7. Let j = 136 - 141. Calculate u(j).
8
Suppose 9 = u - 3*k, 2*u - 2 = k + 1. Let b(y) be the third derivative of 2*y**2 - 1/15*y**6 + u + 0*y + 1/60*y**5 + 0*y**4 + 0*y**3. What is b(1)?
-7
Let g(k) = -k**3 - 5*k**2 + 3*k - 8. Suppose 9*q + 30 = 4*q. What is g(q)?
10
Let z be 1/(5/15) + -3. Let i(h) be the first derivative of h**4/4 - h**3/3 - h**2/2 - 7*h + 1. Determine i(z).
-7
Suppose -3*w + 2 = -5*o, -5*w + 1 + 9 = -5*o. Suppose 0 = -2*p + 5*u + 1 + 1, 0 = 3*p - 4*u - 3. Let x(c) = -2*c - 2 - c**3 + 3*c**2 + p + 2. What is x(o)?
1
Let p(d) be the second derivative of d**5/20 + d**4/2 + 5*d**3/6 - d**2 + d. Suppose -3*t - 5 = -2*t. Let m be -2 + (t - -1) - -2. What is p(m)?
10
Let x(g) be the first derivative of -10*g**2 - 13. Give x(1).
-20
Let t(d) be the first derivative of d**3 + 3*d**2/2 - 20. Give t(-3).
18
Let j(l) = l + 15. Suppose 0 = -2*r + 10*r. Calculate j(r).
15
Let a = 1 + 3. Let i(u) = 0 - 4*u**2 - 3 + a*u**2 - u**2 - 6*u. Determine i(-5).
2
Let w = -87 - -89. Let b(i) be the third derivative of 0*i**4 - 3*i**w + 1/12*i**5 + 0 + 2/3*i**3 + 0*i - 1/120*i**6. What is b(5)?
4
Let r(c) be the third derivative of c**5/60 + c**4/6 - 2*c**3/3 + 8*c**2. Suppose 3*h - 3 = -15. Determine r(h).
-4
Let p(q) = 7*q**3 - 8*q**3 + 5*q**2 - 2*q**2 + q. What is p(3)?
3
Let n(i) = 2*i + 1. Let q(b) = -3*b - 2. Let z(j) = 6*n(j) + 5*q(j). What is z(-4)?
8
Let l(a) = -a - 9. Let w(h) = -h - 10. Let m(c) = 7*l(c) - 6*w(c). Let v be ((-1)/(-2))/(9/90). Calculate m(v).
-8
Let t(d) = 0 + 2*d + 6 - 4. Suppose 7*r + 40 = 2*r. Let f = -5 - r. Give t(f).
8
Let q(u) = -u**2 + 3*u - 1. Let m(h) = -h**3 + 4*h**2 - h - 3. Let f be m(3). Let c be 2 - (1 - f/3). What is q(c)?
1
Let a(f) = 23*f**3 - f**2 + 8*f - 7. Let d(z) = 22*z**3 - z**2 + 7*z - 6. Let i(o) = -6*a(o) + 7*d(o). Calculate i(1).
16
Let q = 2 - 7. Let h(a) = 5*a - 2. Let r(k) = 14*k - 6. Let m(l) = 17*h(l) - 6*r(l). What is m(q)?
-3
Let v = 17 + -11. Let x(a) = -a. Give x(v).
-6
Let p(n) = n**3 - 5*n**2 - 6*n - 2. Let r(l) = 1. Let k(h) = -p(h) + 5*r(h). What is k(6)?
7
Suppose w = 3*w + b - 18, -2*b - 36 = -5*w. Suppose 4*v + 0*t = t + w, -4*t = -v + 2. Let d(h) = -5*h + 2. Determine d(v).
-8
Let l(o) be the third derivative of o**4/4 - o**3/6 - 17*o**2. Determine l(2).
11
Let p(u) be the third derivative of -u**7/2520 - u**6/180 + u**5/40 - u**4/8 - u**2. Let c(w) be the second derivative of p(w). What is c(-3)?
6
Let i(s) = -9*s**2 + 19*s - 9. Let z(u) = -5*u**2 + 10*u - 5. Let h(g) = 4*i(g) - 7*z(g). Calculate h(5).
4
Let v(f) = -11*f + 8. Let y(c) = -4*c + 3. Let a(k) = 3*v(k) - 8*y(k). Determine a(2).
-2
Let t(p) be the second derivative of 1/12*p**4 + 0 - 3/2*p**2 + 3*p - 1/3*p**3. What is t(5)?
12
Let o = 21 + -22. Let a(n) = 3*n**3 - 2*n**2 - 6*n + 3. Let z = -2 - 2. Let g(b) = 4*b**3 - 2*b**2 - 5*b + 2. Let v(w) = z*g(w) + 3*a(w). Calculate v(o).
8
Suppose 0 = -0*s + 5*s - 20. Suppose s*m = 12 + 8. Let l(k) = -k**3 + 5*k**2 + 2. Let n be l(m). Let z(y) = y**2 + y. What is z(n)?
6
Let m(t) = 2*t - 3. Suppose -5*g = 14 - 4, -3*a + 11 = -g. Give m(a).
3
Let w(s) = 2*s**2 + 6*s - 1. Let p(v) = 3*v**2 + 12*v - 1. Suppose -x - 24 = 3*x - 4*q, 0 = 4*x + q + 9. Let a(z) = x*p(z) + 5*w(z). Calculate a(6).
-2
Let a(j) be the second derivative of -j**5/10 + j**3/3 - j**2/2 + j. Let k(f) = f + 12. Let o be k(-9). Suppose 4 = 2*i - 0, -5*n + o*i - 1 = 0. Determine a(n).
-1
Let t = -218 - -216. Let b(y) = 2*y - 2. Let i(q) = -q + 1. Let o(x) = b(x) + 3*i(x). Give o(t).
3
Suppose -3*a = 3*t, -3*a + 5 - 4 = 4*t. Let f(b) = 13*b**3 - b**2 + b - 1. Calculate f(t).
12
Let s = -6 - -10. Let n(h) = -2*h**2 + 6*h - s + 2 + 1. Determine n(4).
-9
Let d = 45 - 47. Let u(x) = -x**2 + x + 1. Let z(c) = c**2 - 5*c - 4. Let j(s) = 3*u(s) + z(s). Give j(d).
-5
Let a = 49 - 43. Let p(j) = 2*j - 3. Give p(a).
9
Let f(s) = -4*s. Let c(p) = p**3 + 3*p**2 + 4*p + 3. Let y be c(-2). Let m be f(y). Let q(o) = -o + 4. What is q(m)?
0
Let b(i) = -i**2 - 2*i. Let j = 2 - -10. Suppose 6*p = 2*p - j. Let a be 3*p/(-6)*-2. What is b(a)?
-3
Let m(b) = -b + 8. Suppose 18 = 5*r - 4*f, -5*r + 3*f = 4 - 25. Give m(r).
2
Let x = 70 - 63. Let b(j) = -2*j + 7. Give b(x).
-7
Let u(q) = -5*q - 3. Suppose a = 5*s - 16, 6*s - 2*s + 10 = -3*a. Let f(i) = i. Let m(o) = a*f(o) - u(o). Calculate m(-3).
6
Let k(c) = -5*c + 6. Let m(g) = -9*g + 11. Let n(b) = 11*k(b) - 6*m(b). Determine n(7).
-7
Suppose 3*t + 4 = -4*b - 20, -b - 3 = 0. Let p(l) = -l**3 - 4*l**2 + 2*l - 5. Give p(t).
-13
Suppose -2*t + 35 = 5*g, 5*g - g - 3*t - 51 = 0. Suppose 0 = 4*m - 15 - g. Let n(f) = f**2 - 3*f - 7. Calculate n(m).
11
Suppose 0 = -3*t - 2*s - 3*s + 25, s = 2*t - 21. Let u = 22 - t. Suppose -3*o = -0*o + u. Let b(v) = -v - 8. Calculate b(o).
-4
Let d(l) = 5*l**3 + 3*l - 5. Let u(q) = -q**3 + q**2 + q. Let m(h) = -d(h) - 6*u(h). Give m(7).
-9
Let y(v) be the second derivative of v**5/20 - 7*v**4/12 + 5*v**3/6 - 3*v. Give y(6).
-6
Let f(b) = -b + 5. Let a(w) = -w - 2. Let k be a(5). Let l = k + 5. Let r be l*2/(-4) + -1. What is f(r)?
5
Let v(u) be the second derivative of -u**5/20 + u**4/6 - u**3/3 + 2*u**2 - 4*u. Calculate v(3).
-11
Let f be 15/(-3) + 2 + 11. Let v(m) = -1 + 2 - f*m**2 - 4*m**2. What is v(-1)?
-11
Let u = -5 - -4. Let w be u/(1 - (-3)/(-2)). Let v(z) = 7*z - 2 + z**w + 0*z**2 + 4. Determine v(-4).
-10
Let p(m) = 3*m + 1. Let j be p(0). Let l(x) = -2*x**2 - 5*x**3 - 4*x**3 + 3*x**2. What is l(j)?
-8
Let t(h) = h**3 - 4*h - 6*h**2 - 7 + 4*h**2 - 3*h**2. What is t(6)?
5
Let q(g) be the second derivative of g**5/20 - g**4/3 - 5*g**3/6 + g**2 + 11*g. Determine q(4).
-18
Let w(n) = n**2 + n + 1. Let h be w(0). Let d(f) = -16*f - 7. Let v(x) = -x - 1. Let k(i) = -d(i) + 6*v(i). Give k(h).
11
Let o(d) = d**3 - 6*d**2 - 7*d - 7. Let w = -17 + 24. What is o(w)?
-7
Let v(d) = d**3 + 6*d**2 + 3*d - 3. Let c(r) = -3*r**3 - 12*r**2 - 7*r + 7. Let f(x) = 2*c(x) + 5*v(x). Give f(6).
5
Let c = 283 + -284. Let f(i) be the first derivative of i**5/30 + i**4/24 + i**3/6 + i**2/2 - 1. Let g(d) be the second derivative of f(d). Give g(c).
2
Let s(w) be the second derivative of -w**6/360 + 3*w**5/40 - 5*w**4/24 - 7*w**3/6 + 8*w. Let l(o) be the second derivative of s(o). Determine l(4).
15
Suppose -3*q - q - 320 = 0. Let w be q/45 - 2/9. Let n(l) be the second derivative of -l**5/10 - l**4/4 + l**2 + l. Give n(w).
6
Suppose 18 = 2*y + 14. Let a(f) = f. Let w(n) be the second derivative of -n**4/6 + 2*n**3/3 + n**2 + 2*n. Let k(s) = -5*a(s) + w(s). Calculate k(y).
-8
Let f = 15 + -9. Let j(m) = -7*m - 3. Let d(x) = -x + 1. Let a(b) = f*d(b) - j(b). What is a(-4)?
5
Suppose -8 = -9*y + 13*y. Let b(m) = -4*m**3 - 3*m**2 - m + 2. Calculate b(y).
24
Let j(g) = -g**3 - 4*g**2 + 3*g + 6. Let d = 22 - 25. Let t(x) = -x**2 + 2*x + 1. Let q be t(-2). Let b = q - d. Give j(b).
-6
Let p(h) = h**3 + 6*h**2 + h + 5. Suppose r = 7*r + 36. Determine p(r).
-1
Let i(p) = -4*p**3 - p + 1. Suppose -m - 31 - 2 = -2*j, 5*j - 83 = 3*m. Suppose -y - j = 3*y. Let c = 5 + y. Give i(c).
-4
Let p be (-1)/2*(-8 - 30). Let w(k) = -37*k + p*k + 3 + 19*k. Calculate w(-2).
1
Let m(t) be the third derivative of -t**6/720 - t**5/120 + t**4/6 - 10*t**2. Let j(f) be the second derivative of m(f). Calculate j(-6).
5
Let v(q) = q**3 + 4*q**2 + q - 4. Let z be v(-3). Suppose -2*g + 27 = -3*f + z*g, -2*g = 2*f + 4. Let t(j) = -j + 2. Determine t(f).
7
Suppose 0 = 4*h - 4*p - 36, p = -4*p - 20. Let g(j) be the second derivative of -3*j**2 + 1/6*j**3 + 0 - 4*j. Determine 